 to base 15.
-15
What is -1 (base 6) in base 13?
-1
Convert 16 (base 15) to base 13.
18
Convert 123 (base 5) to base 6.
102
Convert 1 (base 4) to base 14.
1
27 (base 15) to base 7
52
Convert -e8 (base 15) to base 3.
-22002
-174 (base 11) to base 13
-127
What is 16 (base 7) in base 16?
d
What is 5 (base 9) in base 5?
10
What is 35 (base 15) in base 7?
101
What is 112 (base 3) in base 15?
e
132 (base 8) to base 16
5a
Convert -11 (base 2) to base 5.
-3
Convert -1b1 (base 15) to base 2.
-110000111
-8 (base 13) to base 7
-11
6c (base 15) to base 2
1100110
What is -2 (base 15) in base 12?
-2
What is -213 (base 6) in base 16?
-51
32 (base 4) to base 2
1110
-15 (base 9) to base 15
-e
Convert 0 (base 16) to base 6.
0
What is -2 (base 10) in base 3?
-2
Convert 13 (base 4) to base 13.
7
Convert -3 (base 7) to base 14.
-3
What is -2 (base 8) in base 4?
-2
10 (base 6) to base 13
6
Convert -24 (base 6) to base 13.
-13
Convert -1 (base 2) to base 11.
-1
What is 5 (base 14) in base 11?
5
What is -10 (base 8) in base 16?
-8
Convert -11 (base 2) to base 9.
-3
3 (base 5) to base 9
3
4 (base 15) to base 4
10
0 (base 4) to base 7
0
What is 77 (base 11) in base 12?
70
-11 (base 2) to base 16
-3
Convert 0 (base 6) to base 11.
0
-22 (base 3) to base 13
-8
What is -130 (base 4) in base 8?
-34
What is 12 (base 3) in base 10?
5
What is f (base 16) in base 12?
13
Convert 101100 (base 2) to base 16.
2c
Convert 210 (base 3) to base 12.
19
Convert -129 (base 12) to base 4.
-2301
Convert 1111 (base 3) to base 4.
220
What is 1222 (base 3) in base 4?
311
45 (base 7) to base 12
29
-9 (base 10) to base 2
-1001
What is 9 (base 11) in base 16?
9
Convert -12 (base 14) to base 9.
-17
-4 (base 9) to base 2
-100
Convert -4a (base 11) to base 10.
-54
41 (base 5) to base 15
16
Convert 42 (base 6) to base 5.
101
What is -21 (base 11) in base 14?
-19
What is -5 (base 9) in base 14?
-5
7 (base 16) to base 9
7
What is 2 (base 6) in base 15?
2
What is -4 (base 10) in base 2?
-100
100 (base 5) to base 11
23
102 (base 9) to base 4
1103
Convert -2 (base 13) to base 11.
-2
Convert 1c (base 16) to base 5.
103
What is -2201 (base 3) in base 12?
-61
12200 (base 3) to base 4
2121
-1021 (base 3) to base 15
-24
Convert 13 (base 10) to base 12.
11
What is 31 (base 8) in base 11?
23
What is -2 (base 8) in base 2?
-10
What is 92 (base 10) in base 12?
78
Convert -7d (base 15) to base 7.
-226
What is -32 (base 15) in base 16?
-2f
What is 10000 (base 2) in base 12?
14
Convert -1 (base 8) to base 14.
-1
Convert 13 (base 6) to base 3.
100
What is 1 (base 14) in base 15?
1
Convert 1 (base 13) to base 5.
1
What is -1 (base 16) in base 11?
-1
1 (base 15) to base 2
1
-3 (base 4) to base 9
-3
What is -440 (base 6) in base 2?
-10101000
-32 (base 9) to base 8
-35
Convert -48 (base 10) to base 13.
-39
Convert 2 (base 5) to base 8.
2
-201 (base 4) to base 8
-41
Convert -4 (base 15) to base 11.
-4
What is 3 (base 8) in base 3?
10
What is -3 (base 13) in base 11?
-3
What is a (base 16) in base 15?
a
-59 (base 14) to base 4
-1033
-131 (base 5) to base 6
-105
-3 (base 14) to base 8
-3
b (base 12) to base 2
1011
6 (base 10) to base 5
11
10332 (base 4) to base 9
383
Convert 3 (base 8) to base 13.
3
Convert 1a (base 12) to base 13.
19
-321 (base 5) to base 13
-68
What is -6 (base 9) in base 6?
-10
99 (base 11) to base 4
1230
Convert -7 (base 9) to base 6.
-11
1 (base 9) to base 10
1
18 (base 14) to base 5
42
What is -8 (base 10) in base 3?
-22
41 (base 5) to base 11
1a
What is -31 (base 4) in base 9?
-14
Convert -14 (base 8) to base 7.
-15
Convert 0 (base 5) to base 15.
0
What is 11 (base 9) in base 6?
14
What is 111001 (base 2) in base 13?
45
1011 (base 2) to base 10
11
What is 100110 (base 2) in base 9?
42
Convert -2 (base 4) to base 16.
-2
Convert -12 (base 7) to base 6.
-13
Convert c3 (base 14) to base 10.
171
What is 3 (base 15) in base 5?
3
What is 221 (base 5) in base 15?
41
Convert -4 (base 16) to base 11.
-4
What is -22 (base 14) in base 10?
-30
What is -11001 (base 3) in base 4?
-1231
1111 (base 2) to base 15
10
-3 (base 5) to base 4
-3
24 (base 5) to base 14
10
-18 (base 9) to base 14
-13
Convert 9 (base 13) to base 10.
9
40 (base 5) to base 3
202
Convert 2 (base 9) to base 10.
2
-564 (base 8) to base 14
-1c8
Convert -11 (base 2) to base 10.
-3
3 (base 10) to base 14
3
1b (base 12) to base 2
10111
Convert 3 (base 10) to base 16.
3
Convert -101000001 (base 2) to base 7.
-636
Convert -111100 (base 2) to base 15.
-40
What is 231 (base 11) in base 12?
1b0
-1 (base 14) to base 12
-1
Convert -3 (base 12) to base 9.
-3
-6 (base 14) to base 12
-6
Convert 35 (base 10) to base 13.
29
What is 3 (base 5) in base 15?
3
Convert 2 (base 11) to base 12.
2
Convert 10 (base 3) to base 8.
3
What is -9 (base 10) in base 4?
-21
What is 45 (base 9) in base 11?
38
Convert 5 (base 14) to base 16.
5
-100110101 (base 2) to base 14
-181
Convert -6 (base 15) to base 2.
-110
What is -2 (base 3) in base 5?
-2
-9 (base 13) to base 8
-11
Convert 36 (base 8) to base 5.
110
What is -3 (base 8) in base 2?
-11
What is -2 (base 6) in base 5?
-2
Convert -1 (base 3) to base 13.
-1
-1 (base 15) to base 2
-1
25 (base 10) to base 13
1c
-38 (base 13) to base 7
-65
-3 (base 4) to base 11
-3
Convert -2 (base 16) to base 2.
-10
What is -2 (base 6) in base 8?
-2
Convert -21 (base 6) to base 7.
-16
What is -144 (base 5) in base 15?
-34
Convert -28 (base 14) to base 10.
-36
Convert -204 (base 5) to base 4.
-312
Convert 171 (base 12) to base 5.
1404
What is 10101 (base 2) in base 3?
210
Convert -48 (base 9) to base 11.
-40
What is -36 (base 13) in base 16?
-2d
2 (base 13) to base 15
2
Convert 322 (base 6) to base 16.
7a
What is 54 (base 12) in base 16?
40
-21020 (base 3) to base 2
-11000011
What is -1011 (base 3) in base 8?
-37
16 (base 7) to base 16
d
Convert -3 (base 10) to base 13.
-3
Convert -3 (base 4) to base 8.
-3
What is -1c (base 15) in base 13?
-21
0 (base 9) to base 11
0
What is 2 (base 7) in base 15?
2
What is -31 (base 6) in base 9?
-21
What is 0 (base 5) in base 15?
0
3 (base 15) to base 8
3
4a (base 11) to base 4
312
Convert 3 (base 8) to base 6.
3
Convert -21 (base 7) to base 8.
-17
Convert -10001101 (base 2) to base 8.
-215
-3202 (base 4) to base 2
-11100010
What is -c (base 13) in base 14?
-c
What is -111000 (base 2) in base 5?
-211
-70 (base 10) to base 15
-4a
What is 3 (base 15) in base 8?
3
1 (base 5) to base 12
1
1a (base 11) to base 12
19
-14 (base 11) to base 4
-33
Convert 125 (base 13) to base 11.
172
Convert -1 (base 9) to base 16.
-1
What is 3 (base 14) in base 10?
3
What is -7 (base 13) in base 2?
-111
-9 (base 10) to base 6
-13
-41 (base 5) to base 13
-18
What is -6 (base 7) in base 13?
-6
What is -d (base 14) in base 10?
-13
6 (base 16) to base 7
6
-19 (base 16) to base 7
-34
Convert 42 (base 12) to base 8.
62
What is 3a (base 12) in base 7?
64
3 (base 6) to base 9
3
What is 12 (base 6) in base 8?
10
What is 3c (base 14) in base 12?
46
What is 6 (base 10) in base 9?
6
Convert -1 (base 12) to base 14.
-1
What is 3 (base 6) in base 9?
3
Convert -3 (base 8) to base 2.
-11
Convert -5 (base 8) to base 5.
-10
-37 (base 12) to base 10
-43
What is -23 (base 14) in base 8?
-37
8 (base 10) to base 15
8
-113 (base 5) to base 11
-30
-5 (base 10) to base 13
-5
-3 (base 6) to base 12
-3
What is 231 (base 13) in base 4?
11322
-34 (base 13) to base 4
-223
-10 (base 11) to base 9
-12
337 (base 10) to base 12
241
What is -115 (base 10) in base 8?
-163
-6 (base 9) to base 8
-6
What is -3b (base 13) in base 3?
-1212
What is -2010 (base 3) in base 10?
-57
What is -2 (base 14) in base 5?
-2
Convert -2 (base 12) to base 7.
-2
1 (base 8) to base 12
1
What is -2 (base 13) in base 10?
-2
What is 4 (base 11) in base 4?
10
-1 (base 8) to base 6
-1
What is 4 (base 13) in base 2?
100
-1011 (base 3) to base 8
-37
Convert -3a (base 16) to base 15.
-3d
5 (base 14) to base 7
5
11 (base 10) to base 16
b
-1221 (base 6) to base 5
-2201
-3 (base 10) to base 13
-3
What is 3b (base 13) in base 12?
42
Convert 2 (base 5) to base 9.
2
-55 (base 8) to base 10
-45
Convert -11 (base 6) to base 15.
-7
Convert 167 (base 8) to base 10.
119
Convert -2 (base 15) to base 3.
-2
Convert 12 (base 6) to base 11.
8
Convert -4 (base 13) to base 2.
-100
Convert -8 (base 12) to base 15.
